{"id":5741,"date":"2018-03-31T13:46:06","date_gmt":"2018-03-31T13:46:06","guid":{"rendered":"https:\/\/avalencia.com\/opinions\/"},"modified":"2021-01-12T19:08:32","modified_gmt":"2021-01-12T19:08:32","slug":"guide-touristique-officiel-valencia","status":"publish","type":"page","link":"https:\/\/avalencia.com\/fr\/guide-touristique-officiel-valencia\/","title":{"rendered":"Opinions"},"content":{"rendered":"\n<h5 class=\"wp-block-heading\">Guide touristique officiel \/ Valencia<\/h5>\n\n\n\n<div id=\"TA_cdswritereviewlgvi192\" class=\"TA_cdswritereviewlgvi\">\n<ul id=\"6iAKlZNKN\" class=\"TA_links YnMy1Vvga\">\n<li id=\"XUrjK448\" class=\"YTDqSnUNEx\">\n\n<\/li>\n<\/ul>\n<\/div>\n\n\n\n<script async=\"\" src=\"https:\/\/www.jscache.com\/wejs?wtype=cdswritereviewlgvi&amp;uniq=192&amp;locationId=15224628&amp;lang=fr&amp;lang=fr&amp;display_version=2\" data-loadtrk=\"\" onload=\"this.loadtrk=true\"><\/script>\n\n\n\n<h4 class=\"wp-block-heading\">&nbsp;<\/h4>\n\n\n\n<h2 class=\"has-text-align-center wp-block-heading\">&nbsp;&nbsp;&nbsp;&nbsp;&nbsp;&nbsp;&nbsp;&nbsp;&nbsp;&nbsp;&nbsp;&nbsp;&nbsp;&nbsp;&nbsp;&nbsp;&nbsp;&nbsp;&nbsp;&nbsp;&nbsp; &nbsp; \u21d3&nbsp;&nbsp;&nbsp;&nbsp;&nbsp;&nbsp;&nbsp;&nbsp;&nbsp;&nbsp;&nbsp;&nbsp;&nbsp;&nbsp;&nbsp;&nbsp;&nbsp;&nbsp;&nbsp;&nbsp;&nbsp;&nbsp;&nbsp;&nbsp;&nbsp;<\/h2>\n\n\n\n<h3 class=\"has-text-align-center wp-block-heading\">&nbsp;&nbsp;&nbsp; <strong><a rel=\"noopener noreferrer\" href=\"http:\/\/users4.smartgb.com\/g\/g.php?a=s&amp;i=g41-04073-0d\" target=\"_blank\">Voir toutes les opinions dans le livre d&#8217;or<\/a><\/strong><\/h3>\n","protected":false},"excerpt":{"rendered":"<p>Avis des clients sur mes services en tant que soci\u00e9t\u00e9 de tourisme \u00e0 Valence<\/p>\n","protected":false},"author":3,"featured_media":0,"parent":0,"menu_order":0,"comment_status":"closed","ping_status":"closed","template":"","meta":{"footnotes":""},"class_list":["post-5741","page","type-page","status-publish","hentry"],"yoast_head":"<!-- This site is optimized with the Yoast SEO plugin v26.8 - https:\/\/yoast.com\/product\/yoast-seo-wordpress\/ -->\n<title>Guide touristique officiel Valencia - AVALENCIA - visites guid\u00e9es<\/title>\n<meta name=\"description\" content=\"Je suis un guide touristique officiel, n\u00e9 \u00e0 valencia, laissez-moi vous accompagner pour d\u00e9couvrir tous les coins et les merveilles de cette ville int\u00e9ressante...\" \/>\n<meta name=\"robots\" content=\"index, follow, max-snippet:-1, max-image-preview:large, max-video-preview:-1\" \/>\n<link rel=\"canonical\" href=\"https:\/\/avalencia.com\/fr\/guide-touristique-officiel-valencia\/\" \/>\n<meta property=\"og:locale\" content=\"fr_FR\" \/>\n<meta property=\"og:type\" content=\"article\" \/>\n<meta property=\"og:title\" content=\"Guide touristique officiel Valencia - AVALENCIA - visites guid\u00e9es\" \/>\n<meta property=\"og:description\" content=\"Je suis un guide touristique officiel, n\u00e9 \u00e0 valencia, laissez-moi vous accompagner pour d\u00e9couvrir tous les coins et les merveilles de cette ville int\u00e9ressante...\" \/>\n<meta property=\"og:url\" content=\"https:\/\/avalencia.com\/fr\/guide-touristique-officiel-valencia\/\" \/>\n<meta property=\"og:site_name\" content=\"AVALENCIA\" \/>\n<meta property=\"article:publisher\" content=\"https:\/\/www.facebook.com\/angela.marisoler\" \/>\n<meta property=\"article:modified_time\" content=\"2021-01-12T19:08:32+00:00\" \/>\n<meta name=\"twitter:card\" content=\"summary_large_image\" \/>\n<meta name=\"twitter:site\" content=\"@angelamari400\" \/>\n<meta name=\"twitter:label1\" content=\"Est. reading time\" \/>\n\t<meta name=\"twitter:data1\" content=\"1 minute\" \/>\n<script type=\"application\/ld+json\" class=\"yoast-schema-graph\">{\"@context\":\"https:\/\/schema.org\",\"@graph\":[{\"@type\":\"WebPage\",\"@id\":\"https:\/\/avalencia.com\/fr\/guide-touristique-officiel-valencia\/\",\"url\":\"https:\/\/avalencia.com\/fr\/guide-touristique-officiel-valencia\/\",\"name\":\"Guide touristique officiel Valencia - AVALENCIA - visites guid\u00e9es\",\"isPartOf\":{\"@id\":\"https:\/\/avalencia.com\/fr\/#website\"},\"datePublished\":\"2018-03-31T13:46:06+00:00\",\"dateModified\":\"2021-01-12T19:08:32+00:00\",\"description\":\"Je suis un guide touristique officiel, n\u00e9 \u00e0 valencia, laissez-moi vous accompagner pour d\u00e9couvrir tous les coins et les merveilles de cette ville int\u00e9ressante...\",\"breadcrumb\":{\"@id\":\"https:\/\/avalencia.com\/fr\/guide-touristique-officiel-valencia\/#breadcrumb\"},\"inLanguage\":\"fr-FR\",\"potentialAction\":[{\"@type\":\"ReadAction\",\"target\":[\"https:\/\/avalencia.com\/fr\/guide-touristique-officiel-valencia\/\"]}]},{\"@type\":\"BreadcrumbList\",\"@id\":\"https:\/\/avalencia.com\/fr\/guide-touristique-officiel-valencia\/#breadcrumb\",\"itemListElement\":[{\"@type\":\"ListItem\",\"position\":1,\"name\":\"Portada\",\"item\":\"https:\/\/avalencia.com\/fr\/\"},{\"@type\":\"ListItem\",\"position\":2,\"name\":\"Opinions\"}]},{\"@type\":\"WebSite\",\"@id\":\"https:\/\/avalencia.com\/fr\/#website\",\"url\":\"https:\/\/avalencia.com\/fr\/\",\"name\":\"AVALENCIA\",\"description\":\"Visitas culturales por Valencia y alrededores\",\"publisher\":{\"@id\":\"https:\/\/avalencia.com\/fr\/#organization\"},\"potentialAction\":[{\"@type\":\"SearchAction\",\"target\":{\"@type\":\"EntryPoint\",\"urlTemplate\":\"https:\/\/avalencia.com\/fr\/?s={search_term_string}\"},\"query-input\":{\"@type\":\"PropertyValueSpecification\",\"valueRequired\":true,\"valueName\":\"search_term_string\"}}],\"inLanguage\":\"fr-FR\"},{\"@type\":\"Organization\",\"@id\":\"https:\/\/avalencia.com\/fr\/#organization\",\"name\":\"Gu\u00eda Valencia\",\"url\":\"https:\/\/avalencia.com\/fr\/\",\"logo\":{\"@type\":\"ImageObject\",\"inLanguage\":\"fr-FR\",\"@id\":\"https:\/\/avalencia.com\/fr\/#\/schema\/logo\/image\/\",\"url\":\"\",\"contentUrl\":\"\",\"caption\":\"Gu\u00eda Valencia\"},\"image\":{\"@id\":\"https:\/\/avalencia.com\/fr\/#\/schema\/logo\/image\/\"},\"sameAs\":[\"https:\/\/www.facebook.com\/angela.marisoler\",\"https:\/\/x.com\/angelamari400\",\"https:\/\/www.instagram.com\/angelamarisoler\/\",\"https:\/\/www.linkedin.com\/feed\/?trk=guest_homepage-basic_sign-in-submit\",\"https:\/\/www.youtube.com\/channel\/UC4bWyTV2CWI65Qf0r1pjuXg?view_as=subscriber\"]}]}<\/script>\n<!-- \/ Yoast SEO plugin. -->","yoast_head_json":{"title":"Guide touristique officiel Valencia - AVALENCIA - visites guid\u00e9es","description":"Je suis un guide touristique officiel, n\u00e9 \u00e0 valencia, laissez-moi vous accompagner pour d\u00e9couvrir tous les coins et les merveilles de cette ville int\u00e9ressante...","robots":{"index":"index","follow":"follow","max-snippet":"max-snippet:-1","max-image-preview":"max-image-preview:large","max-video-preview":"max-video-preview:-1"},"canonical":"https:\/\/avalencia.com\/fr\/guide-touristique-officiel-valencia\/","og_locale":"fr_FR","og_type":"article","og_title":"Guide touristique officiel Valencia - AVALENCIA - visites guid\u00e9es","og_description":"Je suis un guide touristique officiel, n\u00e9 \u00e0 valencia, laissez-moi vous accompagner pour d\u00e9couvrir tous les coins et les merveilles de cette ville int\u00e9ressante...","og_url":"https:\/\/avalencia.com\/fr\/guide-touristique-officiel-valencia\/","og_site_name":"AVALENCIA","article_publisher":"https:\/\/www.facebook.com\/angela.marisoler","article_modified_time":"2021-01-12T19:08:32+00:00","twitter_card":"summary_large_image","twitter_site":"@angelamari400","twitter_misc":{"Est. reading time":"1 minute"},"schema":{"@context":"https:\/\/schema.org","@graph":[{"@type":"WebPage","@id":"https:\/\/avalencia.com\/fr\/guide-touristique-officiel-valencia\/","url":"https:\/\/avalencia.com\/fr\/guide-touristique-officiel-valencia\/","name":"Guide touristique officiel Valencia - AVALENCIA - visites guid\u00e9es","isPartOf":{"@id":"https:\/\/avalencia.com\/fr\/#website"},"datePublished":"2018-03-31T13:46:06+00:00","dateModified":"2021-01-12T19:08:32+00:00","description":"Je suis un guide touristique officiel, n\u00e9 \u00e0 valencia, laissez-moi vous accompagner pour d\u00e9couvrir tous les coins et les merveilles de cette ville int\u00e9ressante...","breadcrumb":{"@id":"https:\/\/avalencia.com\/fr\/guide-touristique-officiel-valencia\/#breadcrumb"},"inLanguage":"fr-FR","potentialAction":[{"@type":"ReadAction","target":["https:\/\/avalencia.com\/fr\/guide-touristique-officiel-valencia\/"]}]},{"@type":"BreadcrumbList","@id":"https:\/\/avalencia.com\/fr\/guide-touristique-officiel-valencia\/#breadcrumb","itemListElement":[{"@type":"ListItem","position":1,"name":"Portada","item":"https:\/\/avalencia.com\/fr\/"},{"@type":"ListItem","position":2,"name":"Opinions"}]},{"@type":"WebSite","@id":"https:\/\/avalencia.com\/fr\/#website","url":"https:\/\/avalencia.com\/fr\/","name":"AVALENCIA","description":"Visitas culturales por Valencia y alrededores","publisher":{"@id":"https:\/\/avalencia.com\/fr\/#organization"},"potentialAction":[{"@type":"SearchAction","target":{"@type":"EntryPoint","urlTemplate":"https:\/\/avalencia.com\/fr\/?s={search_term_string}"},"query-input":{"@type":"PropertyValueSpecification","valueRequired":true,"valueName":"search_term_string"}}],"inLanguage":"fr-FR"},{"@type":"Organization","@id":"https:\/\/avalencia.com\/fr\/#organization","name":"Gu\u00eda Valencia","url":"https:\/\/avalencia.com\/fr\/","logo":{"@type":"ImageObject","inLanguage":"fr-FR","@id":"https:\/\/avalencia.com\/fr\/#\/schema\/logo\/image\/","url":"","contentUrl":"","caption":"Gu\u00eda Valencia"},"image":{"@id":"https:\/\/avalencia.com\/fr\/#\/schema\/logo\/image\/"},"sameAs":["https:\/\/www.facebook.com\/angela.marisoler","https:\/\/x.com\/angelamari400","https:\/\/www.instagram.com\/angelamarisoler\/","https:\/\/www.linkedin.com\/feed\/?trk=guest_homepage-basic_sign-in-submit","https:\/\/www.youtube.com\/channel\/UC4bWyTV2CWI65Qf0r1pjuXg?view_as=subscriber"]}]}},"featured_image_src":null,"featured_image_src_square":null,"_links":{"self":[{"href":"https:\/\/avalencia.com\/fr\/wp-json\/wp\/v2\/pages\/5741","targetHints":{"allow":["GET"]}}],"collection":[{"href":"https:\/\/avalencia.com\/fr\/wp-json\/wp\/v2\/pages"}],"about":[{"href":"https:\/\/avalencia.com\/fr\/wp-json\/wp\/v2\/types\/page"}],"author":[{"embeddable":true,"href":"https:\/\/avalencia.com\/fr\/wp-json\/wp\/v2\/users\/3"}],"replies":[{"embeddable":true,"href":"https:\/\/avalencia.com\/fr\/wp-json\/wp\/v2\/comments?post=5741"}],"version-history":[{"count":0,"href":"https:\/\/avalencia.com\/fr\/wp-json\/wp\/v2\/pages\/5741\/revisions"}],"wp:attachment":[{"href":"https:\/\/avalencia.com\/fr\/wp-json\/wp\/v2\/media?parent=5741"}],"curies":[{"name":"wp","href":"https:\/\/api.w.org\/{rel}","templated":true}]}}

<p>Avis des clients sur mes services en tant que société de tourisme à Valence</p>

<!-- This site is optimized with the Yoast SEO plugin v26.8 - https://yoast.com/product/yoast-seo-wordpress/ -->
<title>Guide touristique officiel Valencia - AVALENCIA - visites guidées</title>
<meta name="description" content="Je suis un guide touristique officiel, né à valencia, laissez-moi vous accompagner pour découvrir tous les coins et les merveilles de cette ville intéressante..." />
<meta name="robots" content="index, follow, max-snippet:-1, max-image-preview:large, max-video-preview:-1" />
<link rel="canonical" href="https://avalencia.com/fr/guide-touristique-officiel-valencia/" />
<meta property="og:locale" content="fr_FR" />
<meta property="og:type" content="article" />
<meta property="og:title" content="Guide touristique officiel Valencia - AVALENCIA - visites guidées" />
<meta property="og:description" content="Je suis un guide touristique officiel, né à valencia, laissez-moi vous accompagner pour découvrir tous les coins et les merveilles de cette ville intéressante..." />
<meta property="og:url" content="https://avalencia.com/fr/guide-touristique-officiel-valencia/" />
<meta property="og:site_name" content="AVALENCIA" />
<meta property="article:publisher" content="https://www.facebook.com/angela.marisoler" />
<meta property="article:modified_time" content="2021-01-12T19:08:32+00:00" />
<meta name="twitter:card" content="summary_large_image" />
<meta name="twitter:site" content="@angelamari400" />
<meta name="twitter:label1" content="Est. reading time" />
	<meta name="twitter:data1" content="1 minute" />
<script type="application/ld+json" class="yoast-schema-graph">{"@context":"https://schema.org","@graph":[{"@type":"WebPage","@id":"https://avalencia.com/fr/guide-touristique-officiel-valencia/","url":"https://avalencia.com/fr/guide-touristique-officiel-valencia/","name":"Guide touristique officiel Valencia - AVALENCIA - visites guidées","isPartOf":{"@id":"https://avalencia.com/fr/#website"},"datePublished":"2018-03-31T13:46:06+00:00","dateModified":"2021-01-12T19:08:32+00:00","description":"Je suis un guide touristique officiel, né à valencia, laissez-moi vous accompagner pour découvrir tous les coins et les merveilles de cette ville intéressante...","breadcrumb":{"@id":"https://avalencia.com/fr/guide-touristique-officiel-valencia/#breadcrumb"},"inLanguage":"fr-FR","potentialAction":[{"@type":"ReadAction","target":["https://avalencia.com/fr/guide-touristique-officiel-valencia/"]}]},{"@type":"BreadcrumbList","@id":"https://avalencia.com/fr/guide-touristique-officiel-valencia/#breadcrumb","itemListElement":[{"@type":"ListItem","position":1,"name":"Portada","item":"https://avalencia.com/fr/"},{"@type":"ListItem","position":2,"name":"Opinions"}]},{"@type":"WebSite","@id":"https://avalencia.com/fr/#website","url":"https://avalencia.com/fr/","name":"AVALENCIA","description":"Visitas culturales por Valencia y alrededores","publisher":{"@id":"https://avalencia.com/fr/#organization"},"potentialAction":[{"@type":"SearchAction","target":{"@type":"EntryPoint","urlTemplate":"https://avalencia.com/fr/?s={search_term_string}"},"query-input":{"@type":"PropertyValueSpecification","valueRequired":true,"valueName":"search_term_string"}}],"inLanguage":"fr-FR"},{"@type":"Organization","@id":"https://avalencia.com/fr/#organization","name":"Guía Valencia","url":"https://avalencia.com/fr/","logo":{"@type":"ImageObject","inLanguage":"fr-FR","@id":"https://avalencia.com/fr/#/schema/logo/image/","url":"","contentUrl":"","caption":"Guía Valencia"},"image":{"@id":"https://avalencia.com/fr/#/schema/logo/image/"},"sameAs":["https://www.facebook.com/angela.marisoler","https://x.com/angelamari400","https://www.instagram.com/angelamarisoler/","https://www.linkedin.com/feed/?trk=guest_homepage-basic_sign-in-submit","https://www.youtube.com/channel/UC4bWyTV2CWI65Qf0r1pjuXg?view_as=subscriber"]}]}</script>
<!-- / Yoast SEO plugin. -->

Guide touristique officiel Valencia - AVALENCIA - visites guidées

Je suis un guide touristique officiel, né à valencia, laissez-moi vous accompagner pour découvrir tous les coins et les merveilles de cette ville intéressante...

Guía Valencia
